{"id":649,"date":"2023-03-23T17:02:43","date_gmt":"2023-03-23T16:02:43","guid":{"rendered":"https:\/\/fauteuiljacob.fr\/?page_id=649"},"modified":"2023-04-21T14:08:18","modified_gmt":"2023-04-21T12:08:18","slug":"politique-de-confidentialite","status":"publish","type":"page","link":"https:\/\/histoire-amenagement.fr\/?page_id=649","title":{"rendered":"Politique de confidentialit\u00e9"},"content":{"rendered":"<div class=\"fusion-fullwidth fullwidth-box fusion-builder-row-1 fusion-flex-container fusion-parallax-none nonhundred-percent-fullwidth non-hundred-percent-height-scrolling\" style=\"--awb-border-sizes-top:0;--awb-border-radius-top-left:0px;--awb-border-radius-top-right:0px;--awb-border-radius-bottom-right:0px;--awb-border-radius-bottom-left:0px;--awb-padding-top:0px;--awb-padding-right:34px;--awb-padding-left:34px;--awb-padding-top-medium:0px;--awb-padding-left-small:44px;--awb-margin-top:0px;--awb-margin-top-medium:0px;--awb-background-image:url(&quot;https:\/\/histoire-amenagement.fr\/wp-content\/uploads\/2023\/04\/pexels-pixabay-63328-min-min-copie.jpg&quot;);--awb-background-size:cover;\" ><div class=\"fusion-builder-row fusion-row fusion-flex-align-items-flex-start\" style=\"max-width:1248px;margin-left: calc(-4% \/ 2 );margin-right: calc(-4% \/ 2 );\"><div class=\"fusion-layout-column fusion_builder_column fusion-builder-column-0 fusion_builder_column_1_1 1_1 fusion-flex-column\" style=\"--awb-padding-right:5%;--awb-padding-left:5%;--awb-padding-right-medium:25%;--awb-padding-left-medium:25%;--awb-padding-top-small:44px;--awb-padding-right-small:0px;--awb-padding-bottom-small:52px;--awb-padding-left-small:0px;--awb-bg-size:cover;--awb-width-large:100%;--awb-margin-top-large:15%;--awb-spacing-right-large:33.6%;--awb-margin-bottom-large:15%;--awb-spacing-left-large:33.6%;--awb-width-medium:100%;--awb-order-medium:0;--awb-spacing-right-medium:33.6%;--awb-spacing-left-medium:33.6%;--awb-width-small:100%;--awb-order-small:0;--awb-margin-top-small:107.5156px;--awb-spacing-right-small:11.52%;--awb-spacing-left-small:11.52%;\"><div class=\"fusion-column-wrapper fusion-column-has-shadow fusion-flex-justify-content-flex-start fusion-content-layout-column\"><div class=\"fusion-image-element \" style=\"text-align:center;--awb-caption-title-font-family:var(--h2_typography-font-family);--awb-caption-title-font-weight:var(--h2_typography-font-weight);--awb-caption-title-font-style:var(--h2_typography-font-style);--awb-caption-title-size:var(--h2_typography-font-size);--awb-caption-title-transform:var(--h2_typography-text-transform);--awb-caption-title-line-height:var(--h2_typography-line-height);--awb-caption-title-letter-spacing:var(--h2_typography-letter-spacing);\"><span class=\" fusion-imageframe imageframe-none imageframe-1 hover-type-none\" class=\"image-magnify\" class=\"image-scroll\"><img decoding=\"async\" width=\"2248\" height=\"2248\" title=\"g5267-2\" src=\"https:\/\/histoire-amenagement.fr\/wp-content\/uploads\/2023\/04\/g5267-2.png\" alt class=\"img-responsive wp-image-3137\" srcset=\"https:\/\/histoire-amenagement.fr\/wp-content\/uploads\/2023\/04\/g5267-2-200x200.png 200w, https:\/\/histoire-amenagement.fr\/wp-content\/uploads\/2023\/04\/g5267-2-400x400.png 400w, https:\/\/histoire-amenagement.fr\/wp-content\/uploads\/2023\/04\/g5267-2-600x600.png 600w, https:\/\/histoire-amenagement.fr\/wp-content\/uploads\/2023\/04\/g5267-2-800x800.png 800w, https:\/\/histoire-amenagement.fr\/wp-content\/uploads\/2023\/04\/g5267-2-1200x1200.png 1200w, https:\/\/histoire-amenagement.fr\/wp-content\/uploads\/2023\/04\/g5267-2.png 2248w\" sizes=\"(max-width: 640px) 100vw, 600px\" \/><\/span><\/div><\/div><\/div><\/div><\/div><div class=\"fusion-fullwidth fullwidth-box fusion-builder-row-2 fusion-flex-container has-pattern-background has-mask-background nonhundred-percent-fullwidth non-hundred-percent-height-scrolling\" style=\"--awb-border-radius-top-left:0px;--awb-border-radius-top-right:0px;--awb-border-radius-bottom-right:0px;--awb-border-radius-bottom-left:0px;\" ><div class=\"fusion-builder-row fusion-row fusion-flex-align-items-flex-start\" style=\"max-width:1248px;margin-left: calc(-4% \/ 2 );margin-right: calc(-4% \/ 2 );\"><div class=\"fusion-layout-column fusion_builder_column fusion-builder-column-1 fusion_builder_column_1_1 1_1 fusion-flex-column\" style=\"--awb-bg-size:cover;--awb-width-large:100%;--awb-margin-top-large:0px;--awb-spacing-right-large:1.92%;--awb-margin-bottom-large:0px;--awb-spacing-left-large:1.92%;--awb-width-medium:100%;--awb-spacing-right-medium:1.92%;--awb-spacing-left-medium:1.92%;--awb-width-small:100%;--awb-spacing-right-small:1.92%;--awb-spacing-left-small:1.92%;\"><div class=\"fusion-column-wrapper fusion-flex-justify-content-flex-start fusion-content-layout-column\"><div class=\"fusion-text fusion-text-1\"><\/p>\n<p><u>Politique de confidentialit\u00e9<\/u> :<\/p>\n<p>histoire-amenagement.fr n&rsquo;utilise pas d&rsquo;outil de collecte de vos donn\u00e9es personnelles.<\/p>\n<p>Les cookies et outils de tra\u00e7abilit\u00e9 utilis\u00e9s le sont par la stricte n\u00e9cessit\u00e9 du fonctionnement de la plateforme logicielle wordpress. Ils servent uniquement au bon fonctionnement technique de votre navigation.<\/p>\n<\/p>\n<\/p>\n<\/p><\/p>\n<\/div><\/div><\/div><\/div><\/div>","protected":false},"excerpt":{"rendered":"","protected":false},"author":1,"featured_media":0,"parent":0,"menu_order":0,"comment_status":"closed","ping_status":"closed","template":"100-width.php","meta":{"footnotes":""},"class_list":["post-649","page","type-page","status-publish","hentry"],"_links":{"self":[{"href":"https:\/\/histoire-amenagement.fr\/index.php?rest_route=\/wp\/v2\/pages\/649","targetHints":{"allow":["GET"]}}],"collection":[{"href":"https:\/\/histoire-amenagement.fr\/index.php?rest_route=\/wp\/v2\/pages"}],"about":[{"href":"https:\/\/histoire-amenagement.fr\/index.php?rest_route=\/wp\/v2\/types\/page"}],"author":[{"embeddable":true,"href":"https:\/\/histoire-amenagement.fr\/index.php?rest_route=\/wp\/v2\/users\/1"}],"replies":[{"embeddable":true,"href":"https:\/\/histoire-amenagement.fr\/index.php?rest_route=%2Fwp%2Fv2%2Fcomments&post=649"}],"version-history":[{"count":2,"href":"https:\/\/histoire-amenagement.fr\/index.php?rest_route=\/wp\/v2\/pages\/649\/revisions"}],"predecessor-version":[{"id":3500,"href":"https:\/\/histoire-amenagement.fr\/index.php?rest_route=\/wp\/v2\/pages\/649\/revisions\/3500"}],"wp:attachment":[{"href":"https:\/\/histoire-amenagement.fr\/index.php?rest_route=%2Fwp%2Fv2%2Fmedia&parent=649"}],"curies":[{"name":"wp","href":"https:\/\/api.w.org\/{rel}","templated":true}]}}